 the units digit of y?
5
Let h(b) = 22*b + 132. What is the hundreds digit of h(39)?
9
Suppose -415 = -4*c + 5*j, 3*c - 526 = -2*c - j. Suppose -7*u + c = -2*u. What is the units digit of u?
1
What is the units digit of ((-83356)/455)/(1/(-5))?
6
Suppose -5*h - 849 = -2404. What is the units digit of h?
1
Let x = -4 + 11. Suppose 1 + 13 = x*q. Suppose y - p - 33 = 3*p, -2*y - q*p + 16 = 0. What is the tens digit of y?
1
Let m be (2 - 2) + 6/(-2) + 5. Suppose -m*l - 450 = -5*g, 0*l - 5 = -l. What is the units digit of g?
2
Suppose 0 = u - 4*u + 15. Let r(z) = -2*z + u*z - 4 - 6 + 3. What is the units digit of r(4)?
5
Let f(r) = -5*r**3 - 8*r**2 - 3*r - 7. Let i(n) = -n**3 - n + 2. Let q(g) = f(g) - 6*i(g). What is the units digit of q(8)?
5
Suppose 3*d + 90 = 321. Suppose 3*n = -5*f - 240 + 54, -3*n - 108 = 3*f. Let w = f + d. What is the tens digit of w?
3
Let c be 198/((-6)/(9/(-3))). What is the hundreds digit of 26/(9/(c/2))?
1
Suppose 0 = -4*g + 180 + 28. Suppose -92 = -4*n + g. What is the tens digit of n?
3
What is the tens digit of (7/(-2) + 2)/(32/(-12608))?
9
Suppose -16 = -2*d - 4*f, -d - 4*f + 20 = 2*d. Suppose -13 = n + 3*b, 4*n - 2*b = -0*b + d. Let j = 18 + n. What is the tens digit of j?
1
Let f = -3251 - -4609. What is the units digit of f?
8
Suppose 0 = -0*k - k + 6. Suppose -h = -3, m - k*m - h - 57 = 0. Let b = m + 21. What is the units digit of b?
9
Let n(k) = -2*k + 24. Suppose 5*a - 2 = 18, a - 29 = 5*m. What is the tens digit of n(m)?
3
Let z(u) = -u**3 + 5*u**2 + 7*u - 4. Let j be (-15)/2*16/(-12). Let x be 4/j + 140/25. What is the units digit of z(x)?
2
Suppose 15952 = -10*x + 47852. What is the thousands digit of x?
3
Let u(a) = 71*a. Let x be u(-3). What is the units digit of (x/9)/(1/(-3) + 0)?
1
Let l be 6/(-9)*3*13. Let x = l + 25. What is the units digit of (x/(-1))/((-10)/(-270))?
7
Let n(b) = 8 - 2*b - b**2 + b + 15*b. Suppose 0 = -3*l - l - 2*d + 34, -2*l - 3*d + 19 = 0. What is the units digit of n(l)?
6
Suppose -o - 3*d + 3282 = 0, 23*o - 16393 = 18*o + 2*d. What is the thousands digit of o?
3
Suppose x = -2*p + 839, -27*x = -28*x + 4*p + 857. What is the hundreds digit of x?
8
Let k(y) = y**3 + 4*y**2 + y - 4. Let i be k(-4). Let b = i + 11. Suppose a = o - 5*o - 9, -5*a = b*o - 6. What is the units digit of a?
3
What is the tens digit of (6 - 2)*(-2374)/(-4)?
7
Suppose 0 = -5*k + 3*f + 6785, -3*k - 808 = f - 4879. What is the thousands digit of k?
1
Suppose -3*y = f - y - 97, -2*f + 2*y = -224. What is the hundreds digit of f?
1
Let v(l) be the first derivative of l**3/3 + 2*l**2 + 7*l - 10. Let m = 2 - 7. What is the units digit of v(m)?
2
Suppose 0*f + 24 = 3*f. Let o(m) = m**2 - 6*m + 9. What is the units digit of o(f)?
5
Suppose -4*j = -u - 7146, 34*j = 29*j - u + 8937. What is the thousands digit of j?
1
Let v = 16 - 16. Suppose 4*x - 255 - 93 = v. What is the tens digit of x?
8
Suppose -113 = -3*g + 157. Suppose -1 + 25 = b - 3*l, 5*l + g = 5*b. What is the units digit of b?
5
Let u(q) = 75*q**2 - 6*q + 11. Let h(z) = -148*z**2 + 12*z - 21. Let r(j) = -4*h(j) - 7*u(j). What is the hundreds digit of r(2)?
2
Suppose -10*l = -9*l. Suppose 4*k + 12 = l, -k + 534 = -f + 4*f. What is the hundreds digit of f?
1
Let l = 278 - 181. What is the units digit of l?
7
Suppose 3*b = -3*n - 138, -4*b + 0*n = -n + 179. What is the tens digit of (-10)/b - (-1195)/9?
3
Let z = -59 + 83. What is the units digit of (-4)/z*34*-3?
7
Suppose -7*v = -8551 - 2250. What is the units digit of v?
3
Let o = 458 + -63. What is the hundreds digit of o?
3
Suppose 0 = 2*u - 2*q - 24 - 40, -4*q = 3*u - 96. What is the units digit of u?
2
Suppose -26 = -2*g - 4*v, 0 = -5*g - 4*v + 2*v + 81. Suppose -g = -2*o + 77. What is the tens digit of o?
4
Suppose -2*z = u + 2*u - 49, -u + 5 = 0. Let g = -2 + z. Suppose -g = -i - 2*c, 4*i - 5*c = 8*i - 63. What is the tens digit of i?
1
What is the hundreds digit of (15/(-9))/(7/(-3948)*4)?
2
Let l(p) = -p**2 - 9*p - 8. Let a be l(-8). Suppose -3*r + m = -10, m = -a*r - 2*r. What is the units digit of (-3)/r*44/(-3)?
2
Suppose 1485 = 5*p + 5*j, -2*p - 62 = -5*j - 642. What is the hundreds digit of p?
2
Let l(f) = -7*f**2 - 5*f - 1. Let b be l(-2). Let m = -16 - b. What is the units digit of m?
3
Let i be 2*(2295/6)/(-5) - -1. Let o = i - -271. What is the units digit of o?
9
Let j be 2/(-6) + (-3195)/(-27). Suppose -3*t = b - 67, 5*t + j = -4*b + 358. What is the tens digit of b?
5
Suppose -22*h = -16*h - 1938. Suppose -p - 4*n + 113 = 0, -3*p + 5*n = 9*n - h. What is the hundreds digit of p?
1
Let b = -444 - -1385. What is the tens digit of b?
4
Let i(u) be the first derivative of u**3/3 + 3*u**2/2 + 35*u - 17. What is the units digit of i(0)?
5
Let k(g) = -19*g - 34. Let y be k(-2). Suppose 0 = -4*b + 7 + 9. Suppose -t - 3*u = 0, -b*t + 20 = -t + y*u. What is the units digit of t?
2
Let j = 2 + 2. Let y(a) = 2*a**2 - 4*a - 3 + 5*a**2 + 4*a**3 - 5*a**3. What is the units digit of y(j)?
9
Suppose -8*y + 6 = -9*y. What is the units digit of (-331)/y - (-5)/(-30)?
5
Suppose 5664 - 937 = 4*o + 5*a, 2*a + 1198 = o. What is the hundreds digit of o?
1
Let i(k) be the second derivative of k**6/240 + k**5/24 - k**4/6 + 6*k. Let v(q) be the third derivative of i(q). What is the tens digit of v(5)?
2
Suppose 2563 = 38*i - 27*i. What is the tens digit of i?
3
Let q = 16 - -9. Suppose -q = -2*t - 9. What is the units digit of 2*t/6*6?
6
Let q(o) = -48 - 4*o + 66 - 2*o**3 + 22*o - 9*o**2 + o**3. What is the hundreds digit of q(-12)?
2
Suppose 0 = -2*n + 3*z + 1081, -3*z = 5*n - 2465 - 185. Suppose -4*g - 265 - 57 = -2*r, -3*r + n = 4*g. What is the hundreds digit of r?
1
Let s = 10140 + -5989. What is the thousands digit of s?
4
Suppose -26*k + 14 = -19*k. What is the tens digit of (-448)/(-5) + k/5?
9
Suppose 2*h + 3*a = -0*h + 302, 3*h - 446 = -a. What is the units digit of (-10)/(-3 + h/52)?
5
What is the units digit of 5*(-10 - (-146 + 7))?
5
Let t be (3 + 24/(-9))*15. Suppose t*c - 3 = 27. What is the units digit of c?
6
Suppose 0 = 2*q + 5*t - 102, 4*q = -0*t + 2*t + 180. Suppose q*v - 230 = 45*v. What is the tens digit of v?
3
Let g = 445 + -163. Suppose 7*s = -2*r + 3*s + g, 162 = r - 5*s. Let d = 206 - r. What is the units digit of d?
9
Suppose -8*t + 175 = -1449. What is the units digit of t?
3
Suppose 5*r = 5 - 35. Let u be (-512)/(-12) - (-4)/r. Suppose 0 = v - u - 2. What is the tens digit of v?
4
Let k(u) = 27*u**2 + u - 1. Suppose -4*j = 3*g + 4, -3*j + g + 10 + 0 = 0. Suppose 3*v - 4*y = -2*v - 7, -5*v + j*y - 1 = 0. What is the units digit of k(v)?
7
Let j = -602 + 280. Let l = 612 + j. What is the hundreds digit of l?
2
Let o(j) = j**3 + 12*j**2 + 13*j + 22. Let s be o(-11). Suppose -4*l + 2*i + 244 = s, -5*l + 4*i = -216 - 95. What is the units digit of l?
9
Suppose 3*t - 4*t = -22. Let l(a) = a**2 - 15*a - 3. What is the units digit of l(t)?
1
Suppose 5*u - 4603 = -4*g, 0*u - 5805 = -5*g + 4*u. What is the tens digit of g?
5
Let l be (-51)/6 - 2/(-4). Let m be (-2)/l + 98/56. Suppose 3 = x + m. What is the units digit of x?
1
Suppose 70 = 4*h + 3*h. What is the tens digit of h/(-2 + -3) + 100?
9
Let q(x) = 68*x - 6. Let w(h) = 34*h - 3. Let u(k) = 6*q(k) - 13*w(k). What is the tens digit of u(-3)?
0
Suppose -4*p + 1 = -3*p. Let z = 6 - p. What is the tens digit of (2 - 0) + 80/z?
1
Suppose -4*z - 7 = -3*z. Let u = -8 - z. What is the units digit of (u/(-4))/((-2)/(-8))?
1
Let i = 177 - -33. What is the hundreds digit of i?
2
Suppose y + 0*y = -23. Let j = -19 - y. Suppose -76 = -6*q - j. What is the tens digit of q?
1
What is the units digit of 1426/4 - 12/(-8)?
8
Let d = -13 - -3. Let i be 2/(-4) - (-198)/12. Let j = i + d. What is the units digit of j?
6
What is the hundreds digit of ((-7)/7)/((-6)/2172)?
3
What is the hundreds digit of 10/5*(-2)/(8/(-212))?
1
What is the hundreds digit of (-5800)/(-35) + -1*2/(-7)?
1
Let g be 7 - 1 - (-10 - -11). Suppose -g*h + 237 = -w + 4*w, -4*w + 16 = 0. What is the tens digit of h?
4
Suppose 4*z + 0*z + 409 = 3*a, 2*a - 5*z - 268 = 0. Let m = -76 + a. What is the units digit of m?
3
What is the tens digit of 4/8*(0 - -1384)*1?
9
Suppose 11 = -4*b - 3*r, 3*b - 2*b = 5*r + 3. What is the tens digit of 5*b*66/(-10)?
6
Let i(z) = -z**3 + 5*z**2 + 